d*g + 5*a = -562 - 19648. Is g prime?
False
Suppose 4*m - 6 = -2*g, -22*g + 26*g - 2*m = 22. Let h = 18 - 12. Suppose g*s - h*s + 683 = 0. Is s composite?
False
Let l be (-2 + 3)/((-1)/(-103)). Let w = l + -107. Is (w/(-10))/(2/3065) a composite number?
False
Let y(s) = -s**2 - s + 52. Let d be y(5). Suppose 5*v - d*f = -23*f + 27300, -v - 4*f = -5441. Is v a composite number?
True
Let q(y) = -164*y**3 - 10*y**2 - 46*y - 25. Is q(-10) prime?
False
Let k = 256 - 245. Is ((-2)/3)/(k/((-121341)/2)) a composite number?
False
Is 0 - -137886 - 65/(-78)*3*2 composite?
True
Let c = -23380 - -93159. Is c a composite number?
False
Suppose 7*x + 1549 = 11615. Is 5*3/30*x a prime number?
True
Let h(w) = 1056*w + 5. Let x(i) = -i**2 - i + 13. Let m be (-56)/(-14)*1*-1. Let s be x(m). Is h(s) prime?
True
Suppose 48*s - 482443 - 1419329 = -60*s. Is s composite?
False
Let z = -518 + 521. Is (z/5)/(-6*(-1)/46770) composite?
True
Let j(z) = -14*z + 26539 - 8*z + 21*z + 3*z**2. Is j(0) a prime number?
True
Suppose -5*u = 4*q - 234437, 0 = -u - 16*q + 21*q + 46899. Is u prime?
True
Let u(g) = 159*g + 11. Let q be u(5). Suppose 2*o + 2*p + 433 = -3*o, -3*o - p - 260 = 0. Let f = q + o. Is f prime?
True
Is 305298 + -2 + 4 + 14 composite?
True
Let w = -3 - -8. Suppose -4*l + 45 = w*l. Suppose -l*g = p + 15 - 437, 799 = 2*p - 5*g. Is p prime?
False
Suppose -3037486 + 1107448 = -33*w. Is w a composite number?
True
Suppose 2*m = 2*t + 400437 + 201577, -2*m + 4*t + 602010 = 0. Is m prime?
False
Suppose -88*t = -21*t - 573482 - 183015. Is t a prime number?
False
Let u = 724400 + -378121. Is u prime?
False
Let c be ((-29)/3)/((-5)/15). Is (c/2)/((-6 + 9)/246) composite?
True
Let i(s) = -s**2 + 9*s - 12. Let j be i(7). Suppose -20*u + 23*u = w + 3364, 4*w = j*u - 2246. Is u composite?
True
Let f(j) = -37*j**3 + 7*j**2 + 11*j + 31. Let z be f(-5). Let i = z + -2855. Is i a prime number?
False
Suppose -s + 22 = 5*d + 3, -3*d + 9 = 3*s. Is -2*(6/d)/((-51)/44183) composite?
True
Let i(q) = -27*q**3 + q**2 - 8*q - 9. Let b be i(-1). Suppose -46*n + 42161 = -b*n. Is n a composite number?
True
Let o = 489 + -486. Suppose -o*r - 81983 = -14*r. Is r a composite number?
True
Suppose -79*c + 13566931 = -3*c + 57*c. Is c a composite number?
True
Let z = 5 + -5. Suppose y + 10 + 0 = z. Let j(w) = -718*w + 39. Is j(y) a prime number?
True
Let k(i) = -19*i**2 + 11 + 11*i - i**3 + 23*i - 15*i + 12. Is k(-28) a prime number?
True
Let j(k) be the second derivative of 30*k - k**2 + 1/2*k**3 + 0 + 0*k**4 + 2563/10*k**5. Is j(1) a prime number?
False
Suppose -13*j = -32*j + 273049. Is j prime?
False
Suppose -7*o - 249 - 108 = 0. Let y = o - -261. Suppose -3*c + 843 - y = 0. Is c a composite number?
False
Let p = -159984 + 304823. Is p a prime number?
True
Let r(c) = 808*c - 787. Is r(9) prime?
False
Suppose 5*p = 8157 + 12638. Suppose 0 = 3*k - p - 3116. Suppose k = 3*x + 4*o, 5*x - 4095 = 6*o - 2*o. Is x prime?
False
Let h(z) = -87*z**2 - 25*z + 4. Let r be h(-4). Let j = 1861 + r. Is j composite?
True
Is 18 - (-2181242)/2 - -24 a composite number?
True
Let b(a) = -14*a**3 - 13*a**2 + 3*a + 49. Is b(-11) a prime number?
True
Let h be 4*(-2)/8 + 3. Suppose 888 + 3518 = h*x. Is x a prime number?
True
Let x be (12/8)/((-9)/12) - 4908. Let s = x + 10915. Is s prime?
False
Let z(u) = 33*u + 57. Let k(v) = 2*v. Let i(d) = -18*k(d) + z(d). Let h be i(18). Suppose 2*r - 5*w - 6248 = 0, 5*r + 0*r - h*w = 15601. Is r prime?
True
Let f(w) = -w**3 - 17*w**2 - 7*w - 121. Let q be f(-17). Let r(s) = -27*s**3 + s**2 - 10*s - 19. Is r(q) composite?
True
Let u = 7853 + 61608. Is u prime?
False
Suppose 534828 = 82*y - 40*y. Is y a prime number?
False
Let k(y) = -6885*y**3 - 6*y**2 + 33*y + 137. Is k(-5) a composite number?
True
Let h(b) = 27*b**3 + b - 2. Let w be h(1). Suppose 2*g - w*a + 23*a = 11495, 5*a = 5. Is g a prime number?
True
Is ((-1)/1)/(-13 + 15640308/1203102) a prime number?
False
Let n(w) = 59692*w**2 - 3*w. Is n(-1) a prime number?
False
Let i(t) = 1293*t - 143. Let x = 201 - 191. Is i(x) prime?
False
Let i be -4*(-6)/16 - (-577)/2. Suppose 4*b + q - 1178 = 0, -b + 4*q + i = 2*q. Let z = b + -161. Is z a composite number?
True
Suppose -5*z = -6*z - 7. Is 3187 - (-1 - (2 + z)) a prime number?
False
Suppose 114382 = 3*a + s, 4*a = 14*s - 15*s + 152508. Suppose -47791 - a = -39*y. Is y composite?
False
Let x = 120 + -118. Is (5/x + -2)*2*3697 a prime number?
True
Let j(u) = 27*u**2 - 2*u - 2. Let a = -16 + -9. Let b = a + 22. Is j(b) prime?
False
Let y(t) = 11584*t**2 - 18*t - 101. Is y(-5) a composite number?
False
Let w(k) = 62231*k - 107. Is w(4) a prime number?
False
Let w = -15 - -18. Suppose -h = 5*y + h - 6, 0 = 4*y + w*h - 2. Suppose 3*l = 2*s - 1873, 2*s = -y*l + 1792 + 96. Is s composite?
False
Let z be -6 - (-75072 + -1 + 8). Suppose -11*n + z = 820. Is n a prime number?
False
Is (-221577)/(-4)*(-60)/(-45) a composite number?
False
Let m be 6/(-4)*-15*(-18)/(-81). Suppose -m*i = -6*h + 4*h + 3956, 4*h - 2*i - 7896 = 0. Is h prime?
True
Let t be (0 - (-2)/(-3))/((-58)/23403). Suppose 2*l - 3*l = 14. Is (t/2)/(l/(-28)) a composite number?
False
Suppose -23 = 2*o - 13, 0 = 5*z + o - 960140. Is z a composite number?
False
Let g be (1 + 295180/(-15))/(1/6). Let l = 33085 + g. Is l/(-26)*(-4)/(-6) a composite number?
False
Is ((-26865)/4)/(-2 - (-28)/16) - -4 a prime number?
False
Let r(x) = 445*x**2 - 19*x - 17. Let h be 2/8 - (8 + 99/(-36)). Is r(h) a prime number?
False
Let f(g) = g**2 - 10*g. Let h be ((-4 - -6) + 0)*5. Let a be f(h). Let n(q) = 4*q + 443. Is n(a) a composite number?
False
Let m = 149 + -86. Let s = 63 - m. Suppose -5*d + s*c = 3*c - 7486, 0 = 4*d - 4*c - 6008. Is d prime?
True
Let s(t) = -30*t**3 - 5*t**2 - 5*t + 7. Suppose 0 = -9*u + 10*u + 3. Is s(u) prime?
True
Suppose -135551 = -k + 4*d, -471489 = -5*k + 2*d + 206302. Is k prime?
True
Let b(f) = 2*f**2 + 18*f + 4. Let o be b(17). Let r = o - -716. Suppose 9*x - r = 5*x. Is x a prime number?
True
Suppose 0 = 11*w - 8*w + 119085. Let s = w - 6680. Is s/(-28) + 9/12 a composite number?
False
Let j = 69 + -72. Let p(a) = a**3 + 3*a**2 - a + 4. Let v be p(j). Suppose 0 = -v*c + 3761 + 5836. Is c a composite number?
True
Is ((-2)/(-4))/(120/14252880) a prime number?
True
Let g(q) = -9218*q + 145. Let v(f) = -f - 1. Let i(k) = g(k) - 4*v(k). Is i(-3) a prime number?
True
Let k be 5*8/(-220) - 773448/33. Let d = -1881 - k. Is d a composite number?
False
Suppose 2*a = 5*a - 18. Suppose -a*n = -9*n + 3159. Suppose -n = -5*o + 932. Is o composite?
False
Let f = -104 + 262. Let v = 2375 + f. Is v a composite number?
True
Let i(y) = -185*y**3 - 4*y**2 + 16*y + 9. Let l be i(-4). Let j = 2300 + l. Is j a composite number?
True
Let j = -30 + 201. Suppose 5*a + j = -4*a. Let l(v) = -59*v + 16. Is l(a) composite?
True
Suppose -5*g = -8*g. Suppose g = 12*t - 17005 - 10943. Is t composite?
True
Suppose -10*x = -4*x. Suppose x = 21*v - 28*v + 1918. Is v prime?
False
Let w = 2519 + -1652. Suppose 5*d - 2468 - w = 0. Is d composite?
True
Suppose -6*y + 14 = -2*j + 4, 4*j - 12 = -4*y. Let r = 3 - -5. Suppose -4 = -y*l, 3*l - 436 = -s + r*l. Is s composite?
True
Let y be (12 + -16)*1/((-6)/(-1263)). Let h = 795 - y. Is h a composite number?
False
Let j(b) = -b + 10. Let x be j(10). Let r = -240 - -243. Suppose u + 4*s = 46, x = -r*u - 6*s + 2*s + 170. Is u prime?
False
Let q be 1*-3*4/3. Let w be ((-3)/3 - q) + -5 - 2053. Let t = w - -3856. Is t composite?
False
Let q be 2/2*(-100)/10 + 0. Let v be (q/4 + 2)*(8 - -296). Let o = v + 417. Is o a prime number?
False
Suppose c - 15 = -4*z, 3*c - 6 = -4*z + 7. Let i = -1202 - -6199. Suppose -z*q = -i + 873. Is q composite?
False
Suppose -4*z = z - 1800. Suppose 4*p = 769 - 5333. Let c = z - p. Is c prime?
False
Let j be 1136/(-3) + (-26)/6 + 4. Let d = 67 - j. Is d a composite number?
True
Let b = -20602 + 10605. Let v = -6998 - b. Is v a composite number?
False
Let f(x) = 14285*x + 3374. Is f(45) a composite number?
False
Let v(r) = 34*r - 2. Let o be v(-1). Let i = 30 + o. Let d(k) = -64*k + 5. Is d(i) prime?
True
Let j = -230 - -237. Is 94/(7/(j/1)) prime?
False
Suppose -5*w = -3*g - 964655, 5*w = 5*g + 39519 + 925136. Is w a prime number?
True
Let u(w) = -86*w + 31*w - 2 + 38*w + 36*w 